 1608?
2, 3, 67
What are the prime factors of 1332?
2, 3, 37
What are the prime factors of 561?
3, 11, 17
List the prime factors of 2010.
2, 3, 5, 67
List the prime factors of 3921.
3, 1307
List the prime factors of 2415.
3, 5, 7, 23
List the prime factors of 46144.
2, 7, 103
List the prime factors of 15331.
15331
List the prime factors of 2905.
5, 7, 83
List the prime factors of 34825.
5, 7, 199
List the prime factors of 3338.
2, 1669
List the prime factors of 24201.
3, 2689
List the prime factors of 12091.
107, 113
What are the prime factors of 1154?
2, 577
What are the prime factors of 1617?
3, 7, 11
List the prime factors of 53503.
53503
List the prime factors of 1113.
3, 7, 53
What are the prime factors of 9381?
3, 53, 59
What are the prime factors of 6311?
6311
List the prime factors of 3902.
2, 1951
List the prime factors of 1624.
2, 7, 29
What are the prime factors of 15223?
13, 1171
What are the prime factors of 139787?
139787
What are the prime factors of 741?
3, 13, 19
List the prime factors of 6232.
2, 19, 41
What are the prime factors of 67542?
2, 3, 11257
List the prime factors of 3809.
13, 293
List the prime factors of 35241.
3, 17, 691
List the prime factors of 4072.
2, 509
What are the prime factors of 5918?
2, 11, 269
What are the prime factors of 31882?
2, 19, 839
List the prime factors of 610.
2, 5, 61
What are the prime factors of 3608?
2, 11, 41
List the prime factors of 1961.
37, 53
List the prime factors of 39164.
2, 9791
List the prime factors of 340.
2, 5, 17
What are the prime factors of 1271?
31, 41
List the prime factors of 485.
5, 97
List the prime factors of 18312.
2, 3, 7, 109
What are the prime factors of 2981?
11, 271
List the prime factors of 122030.
2, 5, 12203
List the prime factors of 4190.
2, 5, 419
What are the prime factors of 57505?
5, 7, 31, 53
List the prime factors of 37779.
3, 7, 257
List the prime factors of 2205.
3, 5, 7
List the prime factors of 69785.
5, 17, 821
What are the prime factors of 1279?
1279
List the prime factors of 985.
5, 197
What are the prime factors of 8712?
2, 3, 11
List the prime factors of 15498.
2, 3, 7, 41
List the prime factors of 99646.
2, 49823
List the prime factors of 14360.
2, 5, 359
What are the prime factors of 66022?
2, 11, 3001
List the prime factors of 877.
877
What are the prime factors of 389?
389
List the prime factors of 11758.
2, 5879
What are the prime factors of 2905?
5, 7, 83
What are the prime factors of 33893?
33893
What are the prime factors of 72597?
3, 7, 3457
List the prime factors of 1944.
2, 3
What are the prime factors of 1204?
2, 7, 43
What are the prime factors of 4603?
4603
List the prime factors of 718.
2, 359
List the prime factors of 527.
17, 31
List the prime factors of 7871.
17, 463
What are the prime factors of 3162?
2, 3, 17, 31
List the prime factors of 3499.
3499
List the prime factors of 860.
2, 5, 43
What are the prime factors of 595?
5, 7, 17
List the prime factors of 1080.
2, 3, 5
List the prime factors of 8601.
3, 47, 61
List the prime factors of 73.
73
List the prime factors of 10137.
3, 31, 109
List the prime factors of 1077.
3, 359
What are the prime factors of 35021?
7, 5003
List the prime factors of 8583.
3, 2861
What are the prime factors of 938?
2, 7, 67
What are the prime factors of 1947?
3, 11, 59
What are the prime factors of 490?
2, 5, 7
List the prime factors of 4313.
19, 227
List the prime factors of 697.
17, 41
What are the prime factors of 60546?
2, 3, 10091
What are the prime factors of 7099?
31, 229
List the prime factors of 1184.
2, 37
List the prime factors of 468.
2, 3, 13
What are the prime factors of 2868?
2, 3, 239
What are the prime factors of 863?
863
What are the prime factors of 6538?
2, 7, 467
What are the prime factors of 2491?
47, 53
List the prime factors of 1844.
2, 461
List the prime factors of 13060.
2, 5, 653
List the prime factors of 37953.
3, 4217
List the prime factors of 1178.
2, 19, 31
What are the prime factors of 65446?
2, 43, 761
List the prime factors of 384.
2, 3
What are the prime factors of 54528?
2, 3, 71
What are the prime factors of 753?
3, 251
What are the prime factors of 28?
2, 7
List the prime factors of 595.
5, 7, 17
List the prime factors of 27129.
3, 9043
What are the prime factors of 485?
5, 97
What are the prime factors of 562?
2, 281
What are the prime factors of 1084?
2, 271
List the prime factors of 3294.
2, 3, 61
What are the prime factors of 24609?
3, 13, 631
List the prime factors of 1869.
3, 7, 89
What are the prime factors of 13318?
2, 6659
List the prime factors of 1438.
2, 719
What are the prime factors of 14030?
2, 5, 23, 61
What are the prime factors of 108987?
3, 17, 2137
List the prime factors of 1825.
5, 73
What are the prime factors of 12351?
3, 23, 179
What are the prime factors of 7226?
2, 3613
List the prime factors of 10167.
3, 3389
List the prime factors of 137301.
3, 45767
List the prime factors of 34086.
2, 3, 13, 19, 23
List the prime factors of 768.
2, 3
What are the prime factors of 16366?
2, 7, 167
List the prime factors of 2842.
2, 7, 29
List the prime factors of 8373.
3, 2791
List the prime factors of 78396.
2, 3, 47, 139
List the prime factors of 11344.
2, 709
List the prime factors of 8115.
3, 5, 541
What are the prime factors of 5105?
5, 1021
List the prime factors of 30736.
2, 17, 113
List the prime factors of 814.
2, 11, 37
What are the prime factors of 4192?
2, 131
What are the prime factors of 10896?
2, 3, 227
What are the prime factors of 8623?
8623
List the prime factors of 19506.
2, 3, 3251
What are the prime factors of 260?
2, 5, 13
List the prime factors of 3175.
5, 127
List the prime factors of 360.
2, 3, 5
List the prime factors of 982.
2, 491
What are the prime factors of 1805?
5, 19
List the prime factors of 10858.
2, 61, 89
List the prime factors of 48902.
2, 7, 499
What are the prime factors of 4390?
2, 5, 439
What are the prime factors of 2159?
17, 127
List the prime factors of 52666.
2, 17, 1549
List the prime factors of 31853.
53, 601
List the prime factors of 4123.
7, 19, 31
List the prime factors of 2395.
5, 479
List the prime factors of 20.
2, 5
List the prime factors of 52836.
2, 3, 7, 17, 37
What are the prime factors of 9413?
9413
List the prime factors of 141058.
2, 70529
What are the prime factors of 10795?
5, 17, 127
List the prime factors of 1235.
5, 13, 19
What are the prime factors of 1428?
2, 3, 7, 17
List the prime factors of 257.
257
List the prime factors of 33136.
2, 19, 109
List the prime factors of 11420.
2, 5, 571
List the prime factors of 5182.
2, 2591
List the prime factors of 64037.
64037
List the prime factors of 3269.
7, 467
List the prime factors of 5125.
5, 41
What are the prime factors of 4264?
2, 13, 41
What are the prime factors of 61772?
2, 15443
What are the prime factors of 1690?
2, 5, 13
List the prime factors of 34621.
89, 389
List the prime factors of 25249.
7, 3607
List the prime factors of 1182.
2, 3, 197
List the prime factors of 33372.
2, 3, 103
What are the prime factors of 1266?
2, 3, 211
List the prime factors of 8800.
2, 5, 11
What are the prime factors of 66843?
3, 7, 1061
List the prime factors of 727.
727
List the prime factors of 94857.
3, 7, 4517
What are the prime factors of 24387?
3, 11, 739
What are the prime factors of 507?
3, 13
What are the prime factors of 9949?
9949
List the prime factors of 26126.
2, 13063
List the prime factors of 636.
2, 3, 53
What are the prime factors of 1075?
5, 43
What are the prime factors of 1599?
3, 13, 41
What are the prime factors of 803?
11, 73
List the prime factors of 67136.
2, 1049
What are the prime factors of 1590?
2, 3, 5, 53
List the prime factors of 14903.
7, 2129
List the prime factors of 52492.
2, 11, 1193
What are the prime factors of 9410?
2, 5, 941
What are the prime factors of 5557?
5557
What are the prime factors of 6486?
2, 3, 23, 47
What are the prime factors of 33213?
3, 11071
List the prime factors of 1960.
2, 5, 7
What are the prime factors of 1537?
29, 53
What are the prime factors of 226?
2, 113
What are the prime factors of 542?
2, 271
What are the prime factors of 12193?
89, 137
What are the prime factors of 103549?
103549
What are the prime factors of 33627?
3, 11, 1019
What are the prime factors of 403?
13